*4/8 - 5*d**3/6 - 13*d**2. Is g(-4) prime?
False
Suppose 6*h = 2*h + 20. Let o(y) = -51*y + 19. Let d(v) = -434*v + 161. Let r(f) = h*d(f) - 42*o(f). Is r(-9) a prime number?
False
Let c = -10 + -6. Let y be (-4)/c - (-1217)/(-4). Let q = y - -537. Is q composite?
False
Suppose 0 = 11*c - 1235 - 8742. Is c a prime number?
True
Let p(b) = -155*b + 2. Let a(x) = -78*x + 1. Let o(t) = 9*a(t) - 4*p(t). Is o(-6) a prime number?
False
Suppose -n + 1275 = -6*n. Let s = n - -360. Suppose s - 10 = 5*y. Is y prime?
True
Suppose 4142 - 1367 = 15*j. Is j a prime number?
False
Suppose -d + c + 42 = 0, -4*d + 14*c = 18*c - 208. Suppose 4 - 14 = -5*o. Suppose d = o*w - 191. Is w a composite number?
True
Let l(u) = -6970*u - 15. Let w be l(-6). Is 4*(w/20)/9 a composite number?
False
Let t = 5995 - 3152. Is t composite?
False
Let a = -24 + 73. Let s = a + 128. Is s composite?
True
Let r = 5 + -1. Suppose 10 = -t + 3*t. Suppose -4*j + 3*k + 93 + 250 = 0, t*k = r*j - 345. Is j a prime number?
False
Suppose -994 = -2*x + b, 2*x = 5*x - b - 1491. Suppose -x + 1542 = 5*k. Is k prime?
False
Let b(z) = 2*z**2 + z - 4. Let v be ((-1)/2)/(6/(-48)). Let o be ((-2)/(-4))/(1/v). Is b(o) a composite number?
True
Suppose 5*u - 92 - 1393 = -5*p, 4*u - 5*p - 1206 = 0. Let i = 456 - u. Is i composite?
False
Suppose 4*s + s = -5*y + 58405, 5*s - 5*y - 58365 = 0. Is s composite?
False
Let j(m) = -m + 3. Let q be j(-6). Let f = -9 + q. Suppose f = 5*y - 6223 + 1778. Is y a prime number?
False
Let p(g) = g**2 + 1. Let j(i) = -23*i**2 + 7*i - 21. Let n(r) = -j(r) - 4*p(r). Is n(-10) composite?
False
Let n be 2 - (-7264)/(-7 - -3). Let b = -834 - n. Let k = -279 + b. Is k a prime number?
True
Is (-16)/72 + 284095/45 prime?
False
Let y = 2 - -2. Let o = 9 - y. Suppose 166 = f - 5*p, -809 = -0*f - o*f + 4*p. Is f composite?
True
Suppose -10*t = -14*t + 29164. Is t prime?
False
Let v(i) be the first derivative of -25*i**2/2 + 11*i + 9. Let d be v(-5). Is (-2 - -3)*(d - 5) a composite number?
False
Suppose -5*w = 2*s - 6977, 29*w = 4*s + 26*w - 13967. Is s prime?
True
Suppose 5*m + 29 = -3*x, -12 - 14 = 5*m + 2*x. Is (-42325)/(-35) + -2 - m/(-14) composite?
True
Let a be ((-144)/(-20))/(1/45) - 2. Suppose 0 = -2*g + 5*o + a, g = 5*g - 2*o - 644. Is g composite?
True
Let f(s) = s**2 + 5*s + 7. Let u be f(-4). Suppose -u*j + 4*g + 2819 = 0, 2*j + g - 2769 + 897 = 0. Is j composite?
False
Suppose 0 = 35*a - 38*a + 45. Is 14316/8*10/a a composite number?
False
Suppose -2*u - 4*k = 8, 4*u + 5*k + 0*k + 22 = 0. Let n(z) = -49*z - 15. Let y be n(u). Suppose -y = -v + 90. Is v prime?
True
Let z be (-2)/(88/(-86) - -1). Let l = z - 48. Suppose -2*s - l + 216 = 0. Is s composite?
False
Let b(k) = 9*k**2 - 41*k + 89. Is b(23) a composite number?
False
Let m = 10 + -7. Suppose -j - m*j - 32 = 0. Let n(a) = -52*a + 3. Is n(j) prime?
True
Is -1959*33/(-9) + -6 a composite number?
False
Suppose m = 2 + 41. Suppose -m*y = -44*y + 251. Is y a prime number?
True
Let g = -12 + 12. Suppose -3*j - l + 340 = g, -5*j + 2*l + 860 = 275. Suppose 0 = -b - 3*r - j + 549, 0 = -5*b + 2*r + 2102. Is b a composite number?
True
Suppose 3*j - 23800 + 5983 = 0. Is j a prime number?
True
Let m = 1 - 9. Let s = m - -11. Suppose s*r - 340 = -r. Is r a prime number?
False
Is ((-95)/(-15) + -6)*17211 a composite number?
False
Let k = -17 + 19. Suppose 5*o - 468 = -q, -2*o + 10 = k*q - 966. Is q a composite number?
True
Suppose p - 4*s + 3 = 0, 0*s - s = 5*p - 27. Suppose 340 = -7*t + 2265. Suppose -n = -3*q + 165, -p*q - 2*n + n = -t. Is q a prime number?
False
Is (-18923)/(-1) - (11 + -17) a prime number?
False
Let z(w) = -200*w**2 - 210*w**2 + 404*w**2 + 20*w - w**3 + 12. Is z(-11) a prime number?
True
Let c(i) = i. Let q(n) = 2*n - 3. Let m(y) = c(y) - q(y). Let x be m(0). Suppose 439 = -x*f + 1450. Is f composite?
False
Let q = 1216 + -783. Suppose 6*k - 1805 = q. Is k a composite number?
False
Let d be (-4)/22 - 97356/(-154). Suppose -7*g - g + d = 0. Is g prime?
True
Let t = -83 + 784. Is t a composite number?
False
Is (-22146)/4*280/(-60) prime?
False
Let g be (-70)/50 + 6/15. Is (-4)/(-1) - (-552 + g) prime?
True
Let w = 24292 + -13179. Is w prime?
True
Suppose -7*i + 360433 = -367224. Is i prime?
True
Suppose 0 = 45*s - 47*s + 366. Suppose -2*z - s = -k - 0*k, -5*k + 5*z + 905 = 0. Is k composite?
False
Suppose -4*b - 20 = 0, -c - 3*c - b = -7. Suppose 3*o - c*i - 2157 = 0, 289 = o + 3*i - 430. Is o prime?
True
Let g = 710 - 463. Suppose 0 = 2*o - 60 - 60. Let f = g - o. Is f prime?
False
Suppose -s - 13 = -3*p, 0 = 4*s - p + 2 - 5. Suppose -2395 - 89 = -s*l. Suppose 0 = 6*v + 12 - l. Is v a prime number?
False
Let k = 10 + 3. Let r = k - 13. Suppose a - 2*l + 4*l - 717 = 0, r = 4*a + 2*l - 2844. Is a composite?
False
Let g(o) = 4*o**3 - 52*o**2 - 9*o + 40. Is g(21) composite?
False
Suppose -2*a - 5660 = -7*a. Let u = -453 + a. Is u composite?
True
Let m(u) = -3*u**3 - u**2 + 50*u - 1. Is m(-10) a composite number?
False
Let n(i) = -4*i + 46. Let w be n(11). Suppose w*h = 5*h - 3033. Is h a prime number?
False
Suppose -16 = -4*h + 2*u, 2*h + 3*h = 4*u + 14. Suppose -3*s - 3 + h = 5*q, 5 = 3*q + s. Suppose q*l - 125 = -2*l. Is l a composite number?
True
Let z(u) = 12*u**2 + u + 1. Let b(h) = -h + 1. Let q(r) = -2*b(r) + z(r). Suppose 0*x - 16 = -4*x, 5*j - 2 = 2*x. Is q(j) prime?
True
Let t(m) = 224*m - 2. Let q be t(1). Suppose -2*g + 0*g = -q. Is g a prime number?
False
Let l(y) = 6*y + y**2 + 0*y - 8 - 18. Is l(19) a prime number?
True
Let s = 1224 + -142. Is s composite?
True
Let h(i) = 62*i + 2459. Is h(0) composite?
False
Let q(z) = 9533*z**2 + 25*z + 25. Is q(-1) composite?
False
Let i(x) = 4130*x**2 - 9*x - 1. Is i(2) a composite number?
True
Let u(r) = 17*r**2 + r + 5*r + 0*r - 5 + 19. Is u(7) composite?
True
Suppose -4*a + 5*j + 395 = 0, -2*j - 305 = -a - 2*a. Let l = a + -19. Is l a prime number?
False
Let v(p) = -18*p**3 - 15*p**2 + 44*p + 163. Is v(-16) prime?
False
Suppose 27845 - 4371 = 22*o. Is o composite?
True
Let l(u) = -u**3 - u**2 + 2. Let o be l(1). Suppose 8*k - 3928 = -o*k. Is k a prime number?
True
Let b(i) = -4*i**2 + 36*i - 44. Let a be b(34). Let j = a + 6077. Is j a composite number?
False
Suppose 55*q - 195992 = 47*q. Is q prime?
True
Suppose 5*n + 13021 = -y, 4*n = -y - 4537 - 5880. Let q = n + 5173. Is q composite?
True
Let c be ((-64)/(-40))/(1/(-30)). Let l = c - -13. Is (-4)/28 - 22090/l a prime number?
True
Let g be -3 + (592 + -1)/3. Let l be (-63)/(-6)*g/3. Suppose 5*d + 194 = l. Is d prime?
True
Let r = -119546 + 168703. Is r a composite number?
False
Let h be 2/7 + 57/21. Let n(w) = 36*w + 19. Let f be n(5). Suppose -h*d + 5*o + 629 = 0, d = -0*o - o + f. Is d prime?
False
Let r be 3/(-2)*(-330)/9. Suppose 3*x = -2*x - r. Let b = x - -17. Is b a prime number?
False
Let j(s) = s**3 - s**2 - 2*s + 447. Let v be j(0). Let f = 238 + v. Is f a prime number?
False
Let y = 7584 - 1552. Suppose -2*u - 2*u + y = -3*d, 0 = -5*u + 4*d + 7539. Is u a prime number?
True
Let d(r) = -r**2 + 11*r**2 + r**3 - 7 - 2*r**2 + 7*r + 0*r. Let w be d(-7). Is (1719/6)/(w/(-14)) prime?
False
Suppose -5*s + 0*s = -15. Suppose -s*q + 688 = -4*b, 0*q = -2*q + 2*b + 462. Is -1 + q + 48/12 a composite number?
False
Suppose -2*m + 5*m = -5*o + 5651, 2*o = 3*m - 5665. Let x = m + -88. Is x composite?
True
Let f = 7884 - -8609. Is f prime?
True
Suppose u - 4*s - 15 = 0, -2*u = -6*u - 5*s - 45. Let g(t) = -t**2 - 6*t - 2. Let i be g(u). Is i/(((-8)/(-164))/2) composite?
True
Suppose 8 = 3*g - 4, k + 2*g - 146 = 0. Let x = 63 + k. Is x prime?
False
Suppose -3*l + 15 = 3*q, 2*q + 13 = 3*q + 5*l. Suppose -u = q*g - 0*g - 583, 583 = u + g. Is u a prime number?
False
Let p(k) = -k + 7. Let b be p(6). Let z be (2 - b/1)*2. Suppose -z*f - 2 = -604. Is f composite?
True
Let h = 10260 - -4753. Is h a prime number?
True
Is -3*(-168497)/42*2 a composite number?
False
Suppose 0 = -2*s - s + 10437. Suppose 0 = 2*g + 993 - s. Is g prime?
False
Let l(a) = 18*a + 3. Let b(m) = -1. Let d(r) = 2*b(r) - l(r). Let f be d(-7). Suppose t + 1 = 0, 2*c = 3*t + f + 180. Is c a prime number?
True
Suppose -317*n = -316*n - 5147. Is n a prime number?
True
Suppose -15*s + 20716 = -55349. Is s prime?
False
Let l(a) = a**3 + 2*a**2 - 4*